{"id":2572,"date":"2025-04-17T14:11:52","date_gmt":"2025-04-17T14:11:52","guid":{"rendered":"https:\/\/research.dental.uw.edu\/derouencenter\/?page_id=2572"},"modified":"2025-08-01T16:07:18","modified_gmt":"2025-08-01T16:07:18","slug":"issues-2024","status":"publish","type":"page","link":"https:\/\/research.dental.uw.edu\/derouencenter\/about\/newsletters\/issues-2024\/","title":{"rendered":"Issues 2024"},"content":{"rendered":"<div class=\"row\">\n<div class=\"col-sm-4 \"><img loading=\"lazy\" decoding=\"async\" class=\"alignnone size-full wp-image-2703 wp-img\" src=\"https:\/\/research.dental.uw.edu\/derouencenter\/wp-content\/uploads\/sites\/5\/2025\/07\/DRCFall2024jpg.jpg\" alt=\"Newsletter cover Fall 2024\" width=\"300\" height=\"218\" \/><\/div>\n<div class=\"col-sm-8\">\n<h2 id=\"fall2024\">Autumn 2024<\/h2>\n<p class=\"small\"><a href=\"https:\/\/research.dental.uw.edu\/derouencenter\/drs-zhang-and-seminario-attended-uip-program-in-china\/\">Drs. Zhang and Seminario attended UIP program in China<\/a><\/p>\n<p class=\"small\"><a href=\"https:\/\/research.dental.uw.edu\/derouencenter\/our-second-cohort-of-students-made-their-impact-in-kenya\/\">Our second cohort of students made their impact in Kenya<\/a><\/p>\n<p class=\"small\"><a href=\"https:\/\/research.dental.uw.edu\/derouencenter\/dr-yan-wang-a-derouen-center-partner-in-ucsf-visiting-professor-program\/\">Dr. Yan Wang, a DeRouen Center partner, takes part in UCSF Visiting Professor Program<\/a><\/p>\n<p class=\"small\"><a href=\"https:\/\/research.dental.uw.edu\/derouencenter\/visiting-derouen-center-changed-my-perspective-on-global-health-research\/\">Learn about Natalia Valverde<\/a><\/p>\n<p class=\"small\"><a href=\"https:\/\/www.facebook.com\/DeRouenCenter\/videos\/532669389527226\/\">Facebook video: Dr. Ozgul Baygin and her Visiting Scholar Journey<\/a> <\/p>\n<\/div>\n<\/div>\n<p><a class=\"small\" href=\"https:\/\/research.dental.uw.edu\/derouencenter\/about\/newsletters\/\">Return to newsletters \u00bb<\/a><\/p>\n<hr \/>\n<div class=\"row\">\n<div class=\"col-sm-4 \"><img loading=\"lazy\" decoding=\"async\" class=\"alignnone size-full wp-image-2676 wp-img\" src=\"https:\/\/research.dental.uw.edu\/derouencenter\/wp-content\/uploads\/sites\/5\/2025\/07\/DRCSum2024.jpg\" alt=\"Newsletter Cover Summer 2024\" width=\"300\" height=\"218\" \/><\/div>\n<div class=\"col-sm-8 mb-2\">\n<h2 id=\"summer2024\">Summer 2024<\/h2>\n<p class=\"small\"><a href=\"https:\/\/research.dental.uw.edu\/derouencenter\/university-of-washington-and-universidad-continental-strengthen-current-partnership\/\">UW and Universidad Continental strengthen current partnership<\/a><\/p>\n<p class=\"small\"><a href=\"https:\/\/research.dental.uw.edu\/derouencenter\/peruvian-oral-health-indicator-database-launches-at-upch\/\">Peruvian Oral Health Indicator Database launches at UPCH<\/a><\/p>\n<p class=\"small\"><a href=\"https:\/\/research.dental.uw.edu\/derouencenter\/d43-training-awardees-are-leading-se-asian-oral-health-research\/\">D43 training awardees are leading SE Asian oral health research<\/a><\/p>\n<p class=\"small\"><a href=\"https:\/\/research.dental.uw.edu\/derouencenter\/from-dental-chair-to-global-care-experience-the-unparalleled-joy-of-giving-back\/\">Learn about Divya Kannappan<\/a><\/p>\n<p class=\"small\"><a href=\"https:\/\/www.facebook.com\/DeRouenCenter\/videos\/2162108850828446\/\">Facebook video: Student Research Trip<\/a><\/p>\n<\/div>\n<\/div>\n<div  class=\"grid row    \" >\n<div class=\"col-sm-12 mt-2\"><\/div>\n<\/div>\n<p><a class=\"small\" href=\"https:\/\/research.dental.uw.edu\/derouencenter\/about\/newsletters\/\">Return to newsletters \u00bb<\/a><\/p>\n<hr \/>\n<div class=\"row\">\n<div class=\"col-sm-4 \"><img loading=\"lazy\" decoding=\"async\" class=\"alignnone size-full wp-image-2675 wp-img\" src=\"https:\/\/research.dental.uw.edu\/derouencenter\/wp-content\/uploads\/sites\/5\/2025\/07\/DRCSpring2024.jpg\" alt=\"Newsletter Cover Spring 2024\" width=\"300\" height=\"218\" \/><\/div>\n<div class=\"col-sm-8 mb-2\">\n<h2 id=\"spring2024\">Spring 2024<\/h2>\n<p class=\"small\"><a href=\"https:\/\/research.dental.uw.edu\/derouencenter\/derouen-center-affiliated-abstracts-at-2024-iadr\/\">DeRouen Center presents abstracts at 2024 IADR <\/a><\/p>\n<p class=\"small\"><a href=\"https:\/\/research.dental.uw.edu\/derouencenter\/nih-d43-award-workshop-in-khon-kaen-thailand\/\"> Khon Kaen University hosts an international workshop.<\/a><\/p>\n<p class=\"small\"><a href=\"https:\/\/research.dental.uw.edu\/derouencenter\/derouen-center-team-member-accepted-to-uw-school-of-public-health-graduate-program\/\">DeRouen Center team member accepted to UW School of Public Health graduate program<\/a><\/p>\n<p class=\"small\"><a href=\"https:\/\/research.dental.uw.edu\/derouencenter\/from-dental-dreams-to-global-health-my-journey-research-in-kenya\/\">Learn about Harnoor Mahal<\/a><\/p>\n<\/div>\n<\/div>\n<div  class=\"grid row    \" >\n<div class=\"col-sm-12 mt-2\"><\/div>\n<\/div>\n<p><a class=\"small\" href=\"https:\/\/research.dental.uw.edu\/derouencenter\/about\/newsletters\/\">Return to newsletters \u00bb<\/a><\/p>\n<hr \/>\n<div class=\"row\">\n<div class=\"col-sm-4 \"><img loading=\"lazy\" decoding=\"async\" class=\"alignnone size-full wp-image-2681 wp-img\" src=\"https:\/\/research.dental.uw.edu\/derouencenter\/wp-content\/uploads\/sites\/5\/2025\/07\/DRCWinter2024.jpg\" alt=\"Newsletter Cover Winter 2024\" width=\"300\" height=\"218\" \/><\/div>\n<div class=\"col-sm-8 mb-2\">\n<h2 id=\"winter2024\">Winter 2024<\/h2>\n<p class=\"small\"><a href=\"https:\/\/research.dental.uw.edu\/derouencenter\/thai-delegation-visits-uw\/\">Thai delegation visits UW<\/a><\/p>\n<p class=\"small\"><a href=\"https:\/\/research.dental.uw.edu\/derouencenter\/derouen-center-intern-accepted-to-uw-school-of-dentistry\/\">DeRouen Center intern accepted to UW School of Dentistry<\/a><\/p>\n<p class=\"small\"><a href=\"https:\/\/research.dental.uw.edu\/derouencenter\/transitioning-from-examining-issues-in-oral-health-to-embracing-a-perspective-of-empathy\/\">Learn about Mar\u00eda Claudia Garc\u00e9s-El\u00edas<\/a><\/p>\n<p class=\"small\"><a href=\"https:\/\/www.facebook.com\/DeRouenCenter\/videos\/1427964054795642\/\">Facebook video: Dr. Andre Ritter, UW Dean of the School of Dentistry, talks about his journey in oral health<\/a><\/p>\n<\/div>\n<\/div>\n<div  class=\"grid row    \" >\n<div class=\"col-sm-12 mt-2\"><\/div>\n<\/div>\n<p><a class=\"small\" href=\"https:\/\/research.dental.uw.edu\/derouencenter\/about\/newsletters\/\">Return to newsletters \u00bb<\/a><\/p>\n<hr \/>\n","protected":false},"excerpt":{"rendered":"<p>Autumn 2024 Drs. Zhang and Seminario attended UIP program in China Our second cohort of students made their impact in Kenya Dr. Yan Wang, a DeRouen Center partner, takes part in UCSF Visiting Professor Program Learn about Natalia Valverde Facebook video: Dr. Ozgul Baygin and her Visiting Scholar Journey Return to newsletters \u00bb Summer 2024 UW and Universidad Continental strengthen current partnership Peruvian Oral Health Indicator Database launches at UPCH D43 training awardees are leading SE Asian oral health research&#8230;<\/p>\n","protected":false},"author":2,"featured_media":0,"parent":632,"menu_order":2,"comment_status":"closed","ping_status":"closed","template":"","meta":{"_acf_changed":false,"footnotes":""},"class_list":["post-2572","page","type-page","status-publish","hentry"],"acf":[],"yoast_head":"<!-- This site is optimized with the Yoast SEO plugin v27.2 - https:\/\/yoast.com\/product\/yoast-seo-wordpress\/ -->\n<title>Issues 2024 - DeRouen Center for Global Oral Health<\/title>\n<meta name=\"description\" content=\"The DeRouen Center improves the quality of life by promoting collaboration and inclusion in oral and craniofacial research that impacts global health.\" \/>\n<meta name=\"robots\" content=\"index, follow, max-snippet:-1, max-image-preview:large, max-video-preview:-1\" \/>\n<link rel=\"canonical\" href=\"https:\/\/research.dental.uw.edu\/derouencenter\/about\/newsletters\/issues-2024\/\" \/>\n<meta property=\"og:locale\" content=\"en_US\" \/>\n<meta property=\"og:type\" content=\"article\" \/>\n<meta property=\"og:title\" content=\"Issues 2024 - DeRouen Center for Global Oral Health\" \/>\n<meta property=\"og:description\" content=\"The DeRouen Center improves the quality of life by promoting collaboration and inclusion in oral and craniofacial research that impacts global health.\" \/>\n<meta property=\"og:url\" content=\"https:\/\/research.dental.uw.edu\/derouencenter\/about\/newsletters\/issues-2024\/\" \/>\n<meta property=\"og:site_name\" content=\"DeRouen Center for Global Oral Health\" \/>\n<meta property=\"article:publisher\" content=\"https:\/\/www.facebook.com\/DeRouenCenter\/\" \/>\n<meta property=\"article:modified_time\" content=\"2025-08-01T16:07:18+00:00\" \/>\n<meta property=\"og:image\" content=\"https:\/\/research.dental.uw.edu\/derouencenter\/wp-content\/uploads\/sites\/5\/2025\/07\/DRCFall2024jpg.jpg\" \/>\n\t<meta property=\"og:image:width\" content=\"300\" \/>\n\t<meta property=\"og:image:height\" content=\"218\" \/>\n\t<meta property=\"og:image:type\" content=\"image\/jpeg\" \/>\n<meta name=\"twitter:card\" content=\"summary_large_image\" \/>\n<meta name=\"twitter:label1\" content=\"Est. reading time\" \/>\n\t<meta name=\"twitter:data1\" content=\"2 minutes\" \/>\n<script type=\"application\/ld+json\" class=\"yoast-schema-graph\">{\"@context\":\"https:\/\/schema.org\",\"@graph\":[{\"@type\":\"WebPage\",\"@id\":\"https:\/\/research.dental.uw.edu\/derouencenter\/about\/newsletters\/issues-2024\/\",\"url\":\"https:\/\/research.dental.uw.edu\/derouencenter\/about\/newsletters\/issues-2024\/\",\"name\":\"Issues 2024 - DeRouen Center for Global Oral Health\",\"isPartOf\":{\"@id\":\"https:\/\/research.dental.uw.edu\/derouencenter\/#website\"},\"primaryImageOfPage\":{\"@id\":\"https:\/\/research.dental.uw.edu\/derouencenter\/about\/newsletters\/issues-2024\/#primaryimage\"},\"image\":{\"@id\":\"https:\/\/research.dental.uw.edu\/derouencenter\/about\/newsletters\/issues-2024\/#primaryimage\"},\"thumbnailUrl\":\"https:\/\/research.dental.uw.edu\/derouencenter\/wp-content\/uploads\/sites\/5\/2025\/07\/DRCFall2024jpg.jpg\",\"datePublished\":\"2025-04-17T14:11:52+00:00\",\"dateModified\":\"2025-08-01T16:07:18+00:00\",\"description\":\"The DeRouen Center improves the quality of life by promoting collaboration and inclusion in oral and craniofacial research that impacts global health.\",\"breadcrumb\":{\"@id\":\"https:\/\/research.dental.uw.edu\/derouencenter\/about\/newsletters\/issues-2024\/#breadcrumb\"},\"inLanguage\":\"en-US\",\"potentialAction\":[{\"@type\":\"ReadAction\",\"target\":[\"https:\/\/research.dental.uw.edu\/derouencenter\/about\/newsletters\/issues-2024\/\"]}]},{\"@type\":\"ImageObject\",\"inLanguage\":\"en-US\",\"@id\":\"https:\/\/research.dental.uw.edu\/derouencenter\/about\/newsletters\/issues-2024\/#primaryimage\",\"url\":\"https:\/\/research.dental.uw.edu\/derouencenter\/wp-content\/uploads\/sites\/5\/2025\/07\/DRCFall2024jpg.jpg\",\"contentUrl\":\"https:\/\/research.dental.uw.edu\/derouencenter\/wp-content\/uploads\/sites\/5\/2025\/07\/DRCFall2024jpg.jpg\",\"width\":300,\"height\":218,\"caption\":\"Newsletter cover Fall 2024\"},{\"@type\":\"BreadcrumbList\",\"@id\":\"https:\/\/research.dental.uw.edu\/derouencenter\/about\/newsletters\/issues-2024\/#breadcrumb\",\"itemListElement\":[{\"@type\":\"ListItem\",\"position\":1,\"name\":\"Home\",\"item\":\"https:\/\/research.dental.uw.edu\/derouencenter\/\"},{\"@type\":\"ListItem\",\"position\":2,\"name\":\"About Us\",\"item\":\"https:\/\/research.dental.uw.edu\/derouencenter\/about\/\"},{\"@type\":\"ListItem\",\"position\":3,\"name\":\"Newsletters\",\"item\":\"https:\/\/research.dental.uw.edu\/derouencenter\/about\/newsletters\/\"},{\"@type\":\"ListItem\",\"position\":4,\"name\":\"Issues 2024\"}]},{\"@type\":\"WebSite\",\"@id\":\"https:\/\/research.dental.uw.edu\/derouencenter\/#website\",\"url\":\"https:\/\/research.dental.uw.edu\/derouencenter\/\",\"name\":\"DeRouen Center for Global Oral Health\",\"description\":\"\",\"publisher\":{\"@id\":\"https:\/\/research.dental.uw.edu\/derouencenter\/#organization\"},\"potentialAction\":[{\"@type\":\"SearchAction\",\"target\":{\"@type\":\"EntryPoint\",\"urlTemplate\":\"https:\/\/research.dental.uw.edu\/derouencenter\/?s={search_term_string}\"},\"query-input\":{\"@type\":\"PropertyValueSpecification\",\"valueRequired\":true,\"valueName\":\"search_term_string\"}}],\"inLanguage\":\"en-US\"},{\"@type\":\"Organization\",\"@id\":\"https:\/\/research.dental.uw.edu\/derouencenter\/#organization\",\"name\":\"DeRouen Center for Global Oral Health\",\"url\":\"https:\/\/research.dental.uw.edu\/derouencenter\/\",\"logo\":{\"@type\":\"ImageObject\",\"inLanguage\":\"en-US\",\"@id\":\"https:\/\/research.dental.uw.edu\/derouencenter\/#\/schema\/logo\/image\/\",\"url\":\"https:\/\/research.dental.uw.edu\/derouencenter\/wp-content\/uploads\/sites\/5\/2017\/07\/drouen.png\",\"contentUrl\":\"https:\/\/research.dental.uw.edu\/derouencenter\/wp-content\/uploads\/sites\/5\/2017\/07\/drouen.png\",\"width\":250,\"height\":250,\"caption\":\"DeRouen Center for Global Oral Health\"},\"image\":{\"@id\":\"https:\/\/research.dental.uw.edu\/derouencenter\/#\/schema\/logo\/image\/\"},\"sameAs\":[\"https:\/\/www.facebook.com\/DeRouenCenter\/\"]}]}<\/script>\n<!-- \/ Yoast SEO plugin. -->","yoast_head_json":{"title":"Issues 2024 - DeRouen Center for Global Oral Health","description":"The DeRouen Center improves the quality of life by promoting collaboration and inclusion in oral and craniofacial research that impacts global health.","robots":{"index":"index","follow":"follow","max-snippet":"max-snippet:-1","max-image-preview":"max-image-preview:large","max-video-preview":"max-video-preview:-1"},"canonical":"https:\/\/research.dental.uw.edu\/derouencenter\/about\/newsletters\/issues-2024\/","og_locale":"en_US","og_type":"article","og_title":"Issues 2024 - DeRouen Center for Global Oral Health","og_description":"The DeRouen Center improves the quality of life by promoting collaboration and inclusion in oral and craniofacial research that impacts global health.","og_url":"https:\/\/research.dental.uw.edu\/derouencenter\/about\/newsletters\/issues-2024\/","og_site_name":"DeRouen Center for Global Oral Health","article_publisher":"https:\/\/www.facebook.com\/DeRouenCenter\/","article_modified_time":"2025-08-01T16:07:18+00:00","og_image":[{"width":300,"height":218,"url":"https:\/\/research.dental.uw.edu\/derouencenter\/wp-content\/uploads\/sites\/5\/2025\/07\/DRCFall2024jpg.jpg","type":"image\/jpeg"}],"twitter_card":"summary_large_image","twitter_misc":{"Est. reading time":"2 minutes"},"schema":{"@context":"https:\/\/schema.org","@graph":[{"@type":"WebPage","@id":"https:\/\/research.dental.uw.edu\/derouencenter\/about\/newsletters\/issues-2024\/","url":"https:\/\/research.dental.uw.edu\/derouencenter\/about\/newsletters\/issues-2024\/","name":"Issues 2024 - DeRouen Center for Global Oral Health","isPartOf":{"@id":"https:\/\/research.dental.uw.edu\/derouencenter\/#website"},"primaryImageOfPage":{"@id":"https:\/\/research.dental.uw.edu\/derouencenter\/about\/newsletters\/issues-2024\/#primaryimage"},"image":{"@id":"https:\/\/research.dental.uw.edu\/derouencenter\/about\/newsletters\/issues-2024\/#primaryimage"},"thumbnailUrl":"https:\/\/research.dental.uw.edu\/derouencenter\/wp-content\/uploads\/sites\/5\/2025\/07\/DRCFall2024jpg.jpg","datePublished":"2025-04-17T14:11:52+00:00","dateModified":"2025-08-01T16:07:18+00:00","description":"The DeRouen Center improves the quality of life by promoting collaboration and inclusion in oral and craniofacial research that impacts global health.","breadcrumb":{"@id":"https:\/\/research.dental.uw.edu\/derouencenter\/about\/newsletters\/issues-2024\/#breadcrumb"},"inLanguage":"en-US","potentialAction":[{"@type":"ReadAction","target":["https:\/\/research.dental.uw.edu\/derouencenter\/about\/newsletters\/issues-2024\/"]}]},{"@type":"ImageObject","inLanguage":"en-US","@id":"https:\/\/research.dental.uw.edu\/derouencenter\/about\/newsletters\/issues-2024\/#primaryimage","url":"https:\/\/research.dental.uw.edu\/derouencenter\/wp-content\/uploads\/sites\/5\/2025\/07\/DRCFall2024jpg.jpg","contentUrl":"https:\/\/research.dental.uw.edu\/derouencenter\/wp-content\/uploads\/sites\/5\/2025\/07\/DRCFall2024jpg.jpg","width":300,"height":218,"caption":"Newsletter cover Fall 2024"},{"@type":"BreadcrumbList","@id":"https:\/\/research.dental.uw.edu\/derouencenter\/about\/newsletters\/issues-2024\/#breadcrumb","itemListElement":[{"@type":"ListItem","position":1,"name":"Home","item":"https:\/\/research.dental.uw.edu\/derouencenter\/"},{"@type":"ListItem","position":2,"name":"About Us","item":"https:\/\/research.dental.uw.edu\/derouencenter\/about\/"},{"@type":"ListItem","position":3,"name":"Newsletters","item":"https:\/\/research.dental.uw.edu\/derouencenter\/about\/newsletters\/"},{"@type":"ListItem","position":4,"name":"Issues 2024"}]},{"@type":"WebSite","@id":"https:\/\/research.dental.uw.edu\/derouencenter\/#website","url":"https:\/\/research.dental.uw.edu\/derouencenter\/","name":"DeRouen Center for Global Oral Health","description":"","publisher":{"@id":"https:\/\/research.dental.uw.edu\/derouencenter\/#organization"},"potentialAction":[{"@type":"SearchAction","target":{"@type":"EntryPoint","urlTemplate":"https:\/\/research.dental.uw.edu\/derouencenter\/?s={search_term_string}"},"query-input":{"@type":"PropertyValueSpecification","valueRequired":true,"valueName":"search_term_string"}}],"inLanguage":"en-US"},{"@type":"Organization","@id":"https:\/\/research.dental.uw.edu\/derouencenter\/#organization","name":"DeRouen Center for Global Oral Health","url":"https:\/\/research.dental.uw.edu\/derouencenter\/","logo":{"@type":"ImageObject","inLanguage":"en-US","@id":"https:\/\/research.dental.uw.edu\/derouencenter\/#\/schema\/logo\/image\/","url":"https:\/\/research.dental.uw.edu\/derouencenter\/wp-content\/uploads\/sites\/5\/2017\/07\/drouen.png","contentUrl":"https:\/\/research.dental.uw.edu\/derouencenter\/wp-content\/uploads\/sites\/5\/2017\/07\/drouen.png","width":250,"height":250,"caption":"DeRouen Center for Global Oral Health"},"image":{"@id":"https:\/\/research.dental.uw.edu\/derouencenter\/#\/schema\/logo\/image\/"},"sameAs":["https:\/\/www.facebook.com\/DeRouenCenter\/"]}]}},"_links":{"self":[{"href":"https:\/\/research.dental.uw.edu\/derouencenter\/wp-json\/wp\/v2\/pages\/2572","targetHints":{"allow":["GET"]}}],"collection":[{"href":"https:\/\/research.dental.uw.edu\/derouencenter\/wp-json\/wp\/v2\/pages"}],"about":[{"href":"https:\/\/research.dental.uw.edu\/derouencenter\/wp-json\/wp\/v2\/types\/page"}],"author":[{"embeddable":true,"href":"https:\/\/research.dental.uw.edu\/derouencenter\/wp-json\/wp\/v2\/users\/2"}],"replies":[{"embeddable":true,"href":"https:\/\/research.dental.uw.edu\/derouencenter\/wp-json\/wp\/v2\/comments?post=2572"}],"version-history":[{"count":0,"href":"https:\/\/research.dental.uw.edu\/derouencenter\/wp-json\/wp\/v2\/pages\/2572\/revisions"}],"up":[{"embeddable":true,"href":"https:\/\/research.dental.uw.edu\/derouencenter\/wp-json\/wp\/v2\/pages\/632"}],"wp:attachment":[{"href":"https:\/\/research.dental.uw.edu\/derouencenter\/wp-json\/wp\/v2\/media?parent=2572"}],"curies":[{"name":"wp","href":"https:\/\/api.w.org\/{rel}","templated":true}]}}